{"id":408,"date":"2026-04-17T08:22:35","date_gmt":"2026-04-17T08:22:35","guid":{"rendered":"https:\/\/comiccandyz.azdigi.shop\/?post_type=product&#038;p=408"},"modified":"2026-04-17T08:22:35","modified_gmt":"2026-04-17T08:22:35","slug":"dau-chan-nguoi-linh","status":"publish","type":"product","link":"https:\/\/comiccandyz.azdigi.shop\/?product=dau-chan-nguoi-linh","title":{"rendered":"D\u1ea5u Ch\u00e2n Ng\u01b0\u1eddi L\u00ednh"},"content":{"rendered":"<p>ComicCandyz Shop xin h\u00e2n h\u1ea1nh gi\u1edbi thi\u1ec7u D\u1ea5u Ch\u00e2n Ng\u01b0\u1eddi L\u00ednh!!<\/p>\n<ul>\n<li>M\u00e3 Kim \u0110\u1ed3ng:\u00a0<span class=\"bold variant-sku\">5261119460007<\/span><\/li>\n<li>ISBN:<strong>\u00a0978-604-2-39980-7<\/strong><\/li>\n<li>T\u00e1c gi\u1ea3:\u00a0<a href=\"https:\/\/nxbkimdong.com.vn\/nguyen-minh-chau\">Nguy\u1ec5n Minh Ch\u00e2u<\/a><\/li>\n<li>\u0110\u1ed1i t\u01b0\u1ee3ng:\u00a0<a href=\"https:\/\/nxbkimdong.com.vn\/collections\/tuoi-truong-thanh-tren-18-tuoi\">Tu\u1ed5i tr\u01b0\u1edfng th\u00e0nh (tr\u00ean 18 tu\u1ed5i)<\/a><\/li>\n<li>Khu\u00f4n Kh\u1ed5: 16&#215;24 cm<\/li>\n<li>S\u1ed1 trang: 380<\/li>\n<li>\u0110\u1ecbnh d\u1ea1ng: b\u00eca m\u1ec1m<\/li>\n<li>Tr\u1ecdng l\u01b0\u1ee3ng: 545 gram<\/li>\n<li>B\u1ed9 s\u00e1ch:\u00a0<a href=\"https:\/\/nxbkimdong.com.vn\/collections\/tu-sach-thanh-nien\">T\u1ee7 s\u00e1ch Thanh Ni\u00ean<\/a><\/li>\n<\/ul>\n<p>T\u00e1i hi\u1ec7n ch\u00e2n th\u1ef1c v\u00e0 sinh \u0111\u1ed9ng cu\u1ed9c kh\u00e1ng chi\u1ebfn ch\u1ed1ng M\u1ef9 c\u1ee9u n\u01b0\u1edbc qua l\u00e1t c\u1eaft l\u00e0 cu\u1ed9c chi\u1ebfn \u0111\u1ea5u gian kh\u1ed5, \u00e1c li\u1ec7t c\u1ee7a nh\u1eefng ng\u01b0\u1eddi l\u00ednh thu\u1ed9c Trung \u0111o\u00e0n 5 t\u1ea1i chi\u1ebfn tr\u01b0\u1eddng Khe Sanh, Qu\u1ea3ng Tr\u1ecb. Th\u00f4ng qua nh\u1eefng nh\u00e2n v\u1eadt nh\u01b0 Ch\u00ednh \u1ee7y Kinh, chi\u1ebfn s\u0129 Khu\u00ea, trinh s\u00e1t L\u01b0\u1ee3ng, nh\u00e0 v\u0103n Nguy\u1ec5n Minh Ch\u00e2u \u0111\u00e3 kh\u1eafc h\u1ecda v\u1ebb \u0111\u1eb9p t\u00e2m h\u1ed3n, tinh th\u1ea7n d\u0169ng c\u1ea3m, ki\u00ean c\u01b0\u1eddng v\u00e0 t\u00ecnh \u0111\u1ed3ng \u0111\u1ed9i cao c\u1ea3 c\u1ee7a nh\u1eefng ng\u01b0\u1eddi l\u00ednh c\u00e1ch m\u1ea1ng. \u201cX\u1ebb d\u1ecdc Tr\u01b0\u1eddng S\u01a1n \u0111i c\u1ee9u n\u01b0\u1edbc H\u1ecd l\u00e0 \u0111\u1ea1i di\u1ec7n c\u1ee7a c\u1ea3 m\u1ed9t th\u1ebf h\u1ec7, m\u1ed9t l\u1edbp ng\u01b0\u1eddi, m\u1ed9t th\u1eddi \u0111\u1ea1i; trong gian kh\u1ed5, kh\u00f3 kh\u0103n, hi\u1ec3m nguy, s\u1ef1 t\u00e0n kh\u1ed1c c\u1ee7a cu\u1ed9c chi\u1ebfn sinh t\u1eed v\u1eabn ng\u1eddi s\u00e1ng ph\u1ea9m ch\u1ea5t cao \u0111\u1eb9p v\u00e0 l\u00ed t\u01b0\u1edfng v\u1ec1 m\u1ed9t ng\u00e0y mai \u0111\u1ea5t n\u01b0\u1edbc th\u1ed1ng nh\u1ea5t, h\u00f2a b\u00ecnh.<\/p>\n","protected":false},"excerpt":{"rendered":"<p>ComicCandyz Shop xin h\u00e2n h\u1ea1nh gi\u1edbi thi\u1ec7u D\u1ea5u Ch\u00e2n Ng\u01b0\u1eddi L\u00ednh!! M\u00e3 Kim \u0110\u1ed3ng:\u00a05261119460007 ISBN:\u00a0978-604-2-39980-7 T\u00e1c gi\u1ea3:\u00a0Nguy\u1ec5n Minh Ch\u00e2u \u0110\u1ed1i t\u01b0\u1ee3ng:\u00a0Tu\u1ed5i tr\u01b0\u1edfng th\u00e0nh (tr\u00ean 18 tu\u1ed5i) Khu\u00f4n Kh\u1ed5: 16&#215;24 cm S\u1ed1 trang: 380 \u0110\u1ecbnh d\u1ea1ng: b\u00eca m\u1ec1m Tr\u1ecdng l\u01b0\u1ee3ng: 545 gram B\u1ed9 s\u00e1ch:\u00a0T\u1ee7 s\u00e1ch Thanh Ni\u00ean T\u00e1i hi\u1ec7n ch\u00e2n th\u1ef1c v\u00e0 sinh \u0111\u1ed9ng cu\u1ed9c kh\u00e1ng [&#8230;]\n","protected":false},"featured_media":409,"comment_status":"open","ping_status":"closed","template":"","meta":[],"product_brand":[],"product_cat":[31],"product_tag":[],"class_list":{"0":"post-408","1":"product","2":"type-product","3":"status-publish","4":"has-post-thumbnail","6":"product_cat-van-hoc-viet-nam","8":"first","9":"instock","10":"sale","11":"shipping-taxable","12":"purchasable","13":"product-type-variable"},"yoast_head":"<!-- This site is optimized with the Yoast SEO plugin v27.1.1 - https:\/\/yoast.com\/product\/yoast-seo-wordpress\/ -->\n<title>D\u1ea5u Ch\u00e2n Ng\u01b0\u1eddi L\u00ednh - ComicCandyz Shop<\/title>\n<meta name=\"description\" content=\"ComicCandyz Shop xin h\u00e2n h\u1ea1nh gi\u1edbi thi\u1ec7u D\u1ea5u Ch\u00e2n Ng\u01b0\u1eddi L\u00ednh!! T\u00e1i hi\u1ec7n ch\u00e2n th\u1ef1c v\u00e0 sinh \u0111\u1ed9ng cu\u1ed9c kh\u00e1ng chi\u1ebfn ch\u1ed1ng M\u1ef9 c\u1ee9u n\u01b0\u1edbc\" \/>\n<meta name=\"robots\" content=\"index, follow, max-snippet:-1, max-image-preview:large, max-video-preview:-1\" \/>\n<link rel=\"canonical\" href=\"https:\/\/comiccandyz.azdigi.shop\/?product=dau-chan-nguoi-linh\" \/>\n<meta property=\"og:locale\" content=\"vi_VN\" \/>\n<meta property=\"og:type\" content=\"article\" \/>\n<meta property=\"og:title\" content=\"D\u1ea5u Ch\u00e2n Ng\u01b0\u1eddi L\u00ednh - ComicCandyz Shop\" \/>\n<meta property=\"og:description\" content=\"ComicCandyz Shop xin h\u00e2n h\u1ea1nh gi\u1edbi thi\u1ec7u D\u1ea5u Ch\u00e2n Ng\u01b0\u1eddi L\u00ednh!! T\u00e1i hi\u1ec7n ch\u00e2n th\u1ef1c v\u00e0 sinh \u0111\u1ed9ng cu\u1ed9c kh\u00e1ng chi\u1ebfn ch\u1ed1ng M\u1ef9 c\u1ee9u n\u01b0\u1edbc\" \/>\n<meta property=\"og:url\" content=\"https:\/\/comiccandyz.azdigi.shop\/?product=dau-chan-nguoi-linh\" \/>\n<meta property=\"og:site_name\" content=\"ComicCandyz Shop\" \/>\n<meta property=\"og:image\" content=\"https:\/\/comiccandyz.azdigi.shop\/wp-content\/uploads\/2026\/04\/886cf06b-76cd-4d81-9cef-5f680703fa14.webp\" \/>\n\t<meta property=\"og:image:width\" content=\"683\" \/>\n\t<meta property=\"og:image:height\" content=\"1024\" \/>\n\t<meta property=\"og:image:type\" content=\"image\/webp\" \/>\n<meta name=\"twitter:card\" content=\"summary_large_image\" \/>\n<meta name=\"twitter:label1\" content=\"\u01af\u1edbc t\u00ednh th\u1eddi gian \u0111\u1ecdc\" \/>\n\t<meta name=\"twitter:data1\" content=\"2 ph\u00fat\" \/>\n<script type=\"application\/ld+json\" class=\"yoast-schema-graph\">{\"@context\":\"https:\/\/schema.org\",\"@graph\":[{\"@type\":\"WebPage\",\"@id\":\"https:\/\/comiccandyz.azdigi.shop\/?product=dau-chan-nguoi-linh\",\"url\":\"https:\/\/comiccandyz.azdigi.shop\/?product=dau-chan-nguoi-linh\",\"name\":\"D\u1ea5u Ch\u00e2n Ng\u01b0\u1eddi L\u00ednh - ComicCandyz Shop\",\"isPartOf\":{\"@id\":\"https:\/\/comiccandyz.azdigi.shop\/#website\"},\"primaryImageOfPage\":{\"@id\":\"https:\/\/comiccandyz.azdigi.shop\/?product=dau-chan-nguoi-linh#primaryimage\"},\"image\":{\"@id\":\"https:\/\/comiccandyz.azdigi.shop\/?product=dau-chan-nguoi-linh#primaryimage\"},\"thumbnailUrl\":\"https:\/\/comiccandyz.azdigi.shop\/wp-content\/uploads\/2026\/04\/886cf06b-76cd-4d81-9cef-5f680703fa14.webp\",\"datePublished\":\"2026-04-17T08:22:35+00:00\",\"description\":\"ComicCandyz Shop xin h\u00e2n h\u1ea1nh gi\u1edbi thi\u1ec7u D\u1ea5u Ch\u00e2n Ng\u01b0\u1eddi L\u00ednh!! T\u00e1i hi\u1ec7n ch\u00e2n th\u1ef1c v\u00e0 sinh \u0111\u1ed9ng cu\u1ed9c kh\u00e1ng chi\u1ebfn ch\u1ed1ng M\u1ef9 c\u1ee9u n\u01b0\u1edbc\",\"breadcrumb\":{\"@id\":\"https:\/\/comiccandyz.azdigi.shop\/?product=dau-chan-nguoi-linh#breadcrumb\"},\"inLanguage\":\"vi\",\"potentialAction\":[{\"@type\":\"ReadAction\",\"target\":[\"https:\/\/comiccandyz.azdigi.shop\/?product=dau-chan-nguoi-linh\"]}]},{\"@type\":\"ImageObject\",\"inLanguage\":\"vi\",\"@id\":\"https:\/\/comiccandyz.azdigi.shop\/?product=dau-chan-nguoi-linh#primaryimage\",\"url\":\"https:\/\/comiccandyz.azdigi.shop\/wp-content\/uploads\/2026\/04\/886cf06b-76cd-4d81-9cef-5f680703fa14.webp\",\"contentUrl\":\"https:\/\/comiccandyz.azdigi.shop\/wp-content\/uploads\/2026\/04\/886cf06b-76cd-4d81-9cef-5f680703fa14.webp\",\"width\":683,\"height\":1024},{\"@type\":\"BreadcrumbList\",\"@id\":\"https:\/\/comiccandyz.azdigi.shop\/?product=dau-chan-nguoi-linh#breadcrumb\",\"itemListElement\":[{\"@type\":\"ListItem\",\"position\":1,\"name\":\"Home\",\"item\":\"https:\/\/comiccandyz.azdigi.shop\/\"},{\"@type\":\"ListItem\",\"position\":2,\"name\":\"Shop\",\"item\":\"https:\/\/comiccandyz.azdigi.shop\/?page_id=223\"},{\"@type\":\"ListItem\",\"position\":3,\"name\":\"D\u1ea5u Ch\u00e2n Ng\u01b0\u1eddi L\u00ednh\"}]},{\"@type\":\"WebSite\",\"@id\":\"https:\/\/comiccandyz.azdigi.shop\/#website\",\"url\":\"https:\/\/comiccandyz.azdigi.shop\/\",\"name\":\"ComicCandyz Shop\",\"description\":\"\",\"potentialAction\":[{\"@type\":\"SearchAction\",\"target\":{\"@type\":\"EntryPoint\",\"urlTemplate\":\"https:\/\/comiccandyz.azdigi.shop\/?s={search_term_string}\"},\"query-input\":{\"@type\":\"PropertyValueSpecification\",\"valueRequired\":true,\"valueName\":\"search_term_string\"}}],\"inLanguage\":\"vi\"}]}<\/script>\n<!-- \/ Yoast SEO plugin. -->","yoast_head_json":{"title":"D\u1ea5u Ch\u00e2n Ng\u01b0\u1eddi L\u00ednh - ComicCandyz Shop","description":"ComicCandyz Shop xin h\u00e2n h\u1ea1nh gi\u1edbi thi\u1ec7u D\u1ea5u Ch\u00e2n Ng\u01b0\u1eddi L\u00ednh!! T\u00e1i hi\u1ec7n ch\u00e2n th\u1ef1c v\u00e0 sinh \u0111\u1ed9ng cu\u1ed9c kh\u00e1ng chi\u1ebfn ch\u1ed1ng M\u1ef9 c\u1ee9u n\u01b0\u1edbc","robots":{"index":"index","follow":"follow","max-snippet":"max-snippet:-1","max-image-preview":"max-image-preview:large","max-video-preview":"max-video-preview:-1"},"canonical":"https:\/\/comiccandyz.azdigi.shop\/?product=dau-chan-nguoi-linh","og_locale":"vi_VN","og_type":"article","og_title":"D\u1ea5u Ch\u00e2n Ng\u01b0\u1eddi L\u00ednh - ComicCandyz Shop","og_description":"ComicCandyz Shop xin h\u00e2n h\u1ea1nh gi\u1edbi thi\u1ec7u D\u1ea5u Ch\u00e2n Ng\u01b0\u1eddi L\u00ednh!! T\u00e1i hi\u1ec7n ch\u00e2n th\u1ef1c v\u00e0 sinh \u0111\u1ed9ng cu\u1ed9c kh\u00e1ng chi\u1ebfn ch\u1ed1ng M\u1ef9 c\u1ee9u n\u01b0\u1edbc","og_url":"https:\/\/comiccandyz.azdigi.shop\/?product=dau-chan-nguoi-linh","og_site_name":"ComicCandyz Shop","og_image":[{"width":683,"height":1024,"url":"https:\/\/comiccandyz.azdigi.shop\/wp-content\/uploads\/2026\/04\/886cf06b-76cd-4d81-9cef-5f680703fa14.webp","type":"image\/webp"}],"twitter_card":"summary_large_image","twitter_misc":{"\u01af\u1edbc t\u00ednh th\u1eddi gian \u0111\u1ecdc":"2 ph\u00fat"},"schema":{"@context":"https:\/\/schema.org","@graph":[{"@type":"WebPage","@id":"https:\/\/comiccandyz.azdigi.shop\/?product=dau-chan-nguoi-linh","url":"https:\/\/comiccandyz.azdigi.shop\/?product=dau-chan-nguoi-linh","name":"D\u1ea5u Ch\u00e2n Ng\u01b0\u1eddi L\u00ednh - ComicCandyz Shop","isPartOf":{"@id":"https:\/\/comiccandyz.azdigi.shop\/#website"},"primaryImageOfPage":{"@id":"https:\/\/comiccandyz.azdigi.shop\/?product=dau-chan-nguoi-linh#primaryimage"},"image":{"@id":"https:\/\/comiccandyz.azdigi.shop\/?product=dau-chan-nguoi-linh#primaryimage"},"thumbnailUrl":"https:\/\/comiccandyz.azdigi.shop\/wp-content\/uploads\/2026\/04\/886cf06b-76cd-4d81-9cef-5f680703fa14.webp","datePublished":"2026-04-17T08:22:35+00:00","description":"ComicCandyz Shop xin h\u00e2n h\u1ea1nh gi\u1edbi thi\u1ec7u D\u1ea5u Ch\u00e2n Ng\u01b0\u1eddi L\u00ednh!! T\u00e1i hi\u1ec7n ch\u00e2n th\u1ef1c v\u00e0 sinh \u0111\u1ed9ng cu\u1ed9c kh\u00e1ng chi\u1ebfn ch\u1ed1ng M\u1ef9 c\u1ee9u n\u01b0\u1edbc","breadcrumb":{"@id":"https:\/\/comiccandyz.azdigi.shop\/?product=dau-chan-nguoi-linh#breadcrumb"},"inLanguage":"vi","potentialAction":[{"@type":"ReadAction","target":["https:\/\/comiccandyz.azdigi.shop\/?product=dau-chan-nguoi-linh"]}]},{"@type":"ImageObject","inLanguage":"vi","@id":"https:\/\/comiccandyz.azdigi.shop\/?product=dau-chan-nguoi-linh#primaryimage","url":"https:\/\/comiccandyz.azdigi.shop\/wp-content\/uploads\/2026\/04\/886cf06b-76cd-4d81-9cef-5f680703fa14.webp","contentUrl":"https:\/\/comiccandyz.azdigi.shop\/wp-content\/uploads\/2026\/04\/886cf06b-76cd-4d81-9cef-5f680703fa14.webp","width":683,"height":1024},{"@type":"BreadcrumbList","@id":"https:\/\/comiccandyz.azdigi.shop\/?product=dau-chan-nguoi-linh#breadcrumb","itemListElement":[{"@type":"ListItem","position":1,"name":"Home","item":"https:\/\/comiccandyz.azdigi.shop\/"},{"@type":"ListItem","position":2,"name":"Shop","item":"https:\/\/comiccandyz.azdigi.shop\/?page_id=223"},{"@type":"ListItem","position":3,"name":"D\u1ea5u Ch\u00e2n Ng\u01b0\u1eddi L\u00ednh"}]},{"@type":"WebSite","@id":"https:\/\/comiccandyz.azdigi.shop\/#website","url":"https:\/\/comiccandyz.azdigi.shop\/","name":"ComicCandyz Shop","description":"","potentialAction":[{"@type":"SearchAction","target":{"@type":"EntryPoint","urlTemplate":"https:\/\/comiccandyz.azdigi.shop\/?s={search_term_string}"},"query-input":{"@type":"PropertyValueSpecification","valueRequired":true,"valueName":"search_term_string"}}],"inLanguage":"vi"}]}},"_links":{"self":[{"href":"https:\/\/comiccandyz.azdigi.shop\/index.php?rest_route=\/wp\/v2\/product\/408","targetHints":{"allow":["GET"]}}],"collection":[{"href":"https:\/\/comiccandyz.azdigi.shop\/index.php?rest_route=\/wp\/v2\/product"}],"about":[{"href":"https:\/\/comiccandyz.azdigi.shop\/index.php?rest_route=\/wp\/v2\/types\/product"}],"replies":[{"embeddable":true,"href":"https:\/\/comiccandyz.azdigi.shop\/index.php?rest_route=%2Fwp%2Fv2%2Fcomments&post=408"}],"wp:featuredmedia":[{"embeddable":true,"href":"https:\/\/comiccandyz.azdigi.shop\/index.php?rest_route=\/wp\/v2\/media\/409"}],"wp:attachment":[{"href":"https:\/\/comiccandyz.azdigi.shop\/index.php?rest_route=%2Fwp%2Fv2%2Fmedia&parent=408"}],"wp:term":[{"taxonomy":"product_brand","embeddable":true,"href":"https:\/\/comiccandyz.azdigi.shop\/index.php?rest_route=%2Fwp%2Fv2%2Fproduct_brand&post=408"},{"taxonomy":"product_cat","embeddable":true,"href":"https:\/\/comiccandyz.azdigi.shop\/index.php?rest_route=%2Fwp%2Fv2%2Fproduct_cat&post=408"},{"taxonomy":"product_tag","embeddable":true,"href":"https:\/\/comiccandyz.azdigi.shop\/index.php?rest_route=%2Fwp%2Fv2%2Fproduct_tag&post=408"}],"curies":[{"name":"wp","href":"https:\/\/api.w.org\/{rel}","templated":true}]}}